{"id":584,"date":"2016-01-01T21:27:27","date_gmt":"2016-01-01T21:27:27","guid":{"rendered":"http:\/\/www.mittagsblog.de\/?page_id=584"},"modified":"2017-05-07T16:22:03","modified_gmt":"2017-05-07T16:22:03","slug":"freizeit-mit-baby","status":"publish","type":"page","link":"https:\/\/www.mittagsblog.de\/?page_id=584","title":{"rendered":"Bewegte Elternzeit"},"content":{"rendered":"<p>Seit ich Kinder habe ist ziemlich viel Bewegung und Wandel in mein Leben gekommen. Einiges ist aber auch stagniert. \u00dcber die vielen M\u00f6glichkeiten in Bewegung zu bleiben m\u00f6chte ich zusammen mit meinem Mann einen Onlinekongress veranstalten und eine podcast-Reihe starten. Mehr dar\u00fcber werdet ihr bald auf der Seite <a href=\"http:\/\/www.bewegte-elternzeit.de\">www.bewegte-elternzeit.de<\/a> finden.<\/p>\n<p>&nbsp;<\/p>\n","protected":false},"excerpt":{"rendered":"<p>Seit ich Kinder habe ist ziemlich viel Bewegung und Wandel in mein Leben gekommen. Einiges ist aber auch stagniert. \u00dcber die vielen M\u00f6glichkeiten in Bewegung zu bleiben m\u00f6chte ich zusammen mit meinem Mann einen Onlinekongress veranstalten und eine podcast-Reihe starten. Mehr dar\u00fcber werdet ihr bald auf der Seite www.bewegte-elternzeit.de finden. &nbsp;<\/p>\n","protected":false},"author":2,"featured_media":0,"parent":0,"menu_order":3,"comment_status":"closed","ping_status":"closed","template":"page-full-width.php","meta":{"footnotes":""},"class_list":["entry","page","publish","author-meisengeige","post-584"],"aioseo_notices":[],"_links":{"self":[{"href":"https:\/\/www.mittagsblog.de\/index.php?rest_route=\/wp\/v2\/pages\/584","targetHints":{"allow":["GET"]}}],"collection":[{"href":"https:\/\/www.mittagsblog.de\/index.php?rest_route=\/wp\/v2\/pages"}],"about":[{"href":"https:\/\/www.mittagsblog.de\/index.php?rest_route=\/wp\/v2\/types\/page"}],"author":[{"embeddable":true,"href":"https:\/\/www.mittagsblog.de\/index.php?rest_route=\/wp\/v2\/users\/2"}],"replies":[{"embeddable":true,"href":"https:\/\/www.mittagsblog.de\/index.php?rest_route=%2Fwp%2Fv2%2Fcomments&post=584"}],"version-history":[{"count":4,"href":"https:\/\/www.mittagsblog.de\/index.php?rest_route=\/wp\/v2\/pages\/584\/revisions"}],"predecessor-version":[{"id":891,"href":"https:\/\/www.mittagsblog.de\/index.php?rest_route=\/wp\/v2\/pages\/584\/revisions\/891"}],"wp:attachment":[{"href":"https:\/\/www.mittagsblog.de\/index.php?rest_route=%2Fwp%2Fv2%2Fmedia&parent=584"}],"curies":[{"name":"wp","href":"https:\/\/api.w.org\/{rel}","templated":true}]}}